ue
Suppose 3*b + 7*x - 3*x - 26 = 0, -4*b - 17 = -5*x. Suppose -k - 2*k = 4*o - 1, 25 = 5*k + b*o. Is k a composite number?
False
Let u(v) = -634*v - 15. Is u(-4) a prime number?
True
Suppose 434 - 143 = b. Is b a composite number?
True
Let q(w) = -w + 4. Let t be q(0). Suppose -t*x - x = -15, i - x = 17. Suppose -2*n + 71 = n - 2*o, 5*o + i = 0. Is n composite?
True
Suppose n + 0 = 4. Suppose -h + n*t + 23 = 0, -5*t + 6*t - 31 = -5*h. Is h a prime number?
True
Suppose -d - 2*i = i - 215, 4*d - 4*i = 796. Is d a prime number?
False
Let n(g) = 492*g - 19. Is n(4) composite?
False
Let t = -134 - -544. Let w = -199 + t. Is w composite?
False
Let p(x) = 4*x**2 - 3*x. Let z(l) = -9*l**2 + 5*l. Let k(w) = 7*p(w) + 3*z(w). Is k(7) a prime number?
True
Suppose -d + 4 = d. Suppose 0 = -5*k + 3*z + 30, 3*k = -5*z + 1 + 17. Suppose -d*u - 452 = -k*u. Is u composite?
False
Suppose -65 = 3*s - 8*s. Let x = s - -24. Is x prime?
True
Suppose 0 = -n + 16 + 2. Let p = n + -8. Is p composite?
True
Let o = -5 - -7. Suppose o*g - 67 = 251. Is g a composite number?
True
Let x = -4 - -15. Suppose -44 = -0*s - s. Suppose l - s = -x. Is l composite?
True
Let v(u) = u**3 - 4*u**2 - 4*u + 1057. Let y(w) = w**3 - 3*w**2 - 3*w + 1057. Let z(n) = -2*v(n) + 3*y(n). Is z(0) prime?
False
Let y(k) = -2*k**2 - 12*k - 3. Let o be y(-6). Let t = 254 + o. Is t composite?
False
Suppose -3*s + 4*x = -2*s - 112, 0 = 3*s - x - 281. Suppose o - d - 5 = s, 2*o - 5*d - 194 = 0. Is o a composite number?
False
Let k(j) = j**3 + 8*j**2 - 11*j + 5. Is k(-7) prime?
True
Let s(y) = 38*y. Let w be s(4). Let n = w + -99. Is n a composite number?
False
Suppose -398 = -3*q + p, 176 = 2*q - 4*p - 106. Is q a composite number?
False
Let q = -1079 - -2230. Is q a composite number?
False
Is (0 + 4)/4 - (2 - 14) prime?
True
Suppose -5*u - 18 = -93. Suppose -4*t - t = -u. Suppose -7*k + t*k = -220. Is k composite?
True
Suppose 21 + 135 = 4*j. Let g be 0 - (-2 + 27)/(-1). Let d = j - g. Is d prime?
False
Let c = 23 - 32. Let z(t) = -t**2 - 11*t - 7. Is z(c) composite?
False
Is 350 + (0/(-4) - 4) composite?
True
Let o(f) = 24*f**3 + 2*f - 3. Let z be o(2). Is 6/(-4) + z/2 composite?
True
Suppose -97 = -a + 224. Is a a composite number?
True
Let x(g) = g**2 - 2*g - 2. Let h(o) = 2*o**2 - 6*o - 6. Let c(b) = 3*b**2 - 1. Let t be c(2). Let w(k) = t*x(k) - 4*h(k). Is w(-3) a composite number?
False
Suppose x - 5*o = 3 + 3, 14 = -5*x + 3*o. Let z(v) be the third derivative of -v**6/120 + v**5/30 + v**4/6 - v**3/6 + v**2. Is z(x) a composite number?
False
Suppose -2*x - q + 1595 = 76, 3*x + 5*q - 2296 = 0. Is x composite?
False
Suppose 1115 = 8*v + 3. Is v a composite number?
False
Suppose 0*s - 2*s + 2 = 0, 2*s = 4*i - 6. Suppose -3*k + 45 = w + i*k, 222 = 4*w - k. Is w a prime number?
False
Suppose 1341 = 3*g - c, 5*c = -3*g + 7*g - 1788. Is g a prime number?
False
Suppose -9 = 3*s - 3. Let q be s + 1/((-1)/178). Let a = -19 - q. Is a composite?
True
Let o be 6/(2/(12/9)). Let r be -29 + (-2)/o*0. Let n = -15 - r. Is n a prime number?
False
Let i be (351/(-18))/(1/(-2)). Is i - 11 - (-2 + -1) prime?
True
Let n(q) = -q**3 - q + 339. Let x be n(0). Suppose -548 + 100 = 2*i. Let b = i + x. Is b a prime number?
False
Let i(f) = 2*f**2 - f + 3. Let p(v) = v + 3. Let w be p(3). Is i(w) composite?
True
Is (-4 + 2)/(4/(-66)) a composite number?
True
Let v(m) = 22*m**2 + 3*m + 4. Is v(3) composite?
False
Let w(v) = 4*v + 126*v**3 - 4*v + v**2 + 255*v**3. Is w(1) a composite number?
True
Let s(z) = z + 15. Let d be s(-12). Suppose -213 = -g - 4*r, -3*g - d*r = -g - 431. Is g a prime number?
False
Let x be (-3 - -1)*(-2 + 0). Suppose x*u = 9 + 3. Suppose 652 = r + u*r. Is r a prime number?
True
Suppose -3*h + 1705 = 2*h. Suppose 59 = 3*u + i - 173, -5*i - h = -4*u. Is u composite?
False
Let y(w) = -5*w**3 + 7*w**2 + 6*w + 1. Is y(-4) prime?
True
Let r(z) = z + 71. Is r(0) a prime number?
True
Let q be (1 + 0 - 2)*-4. Let v = q + 1. Suppose -v*m - 48 = -243. Is m a composite number?
True
Suppose -2*l - 2 = -4*l, 0 = -3*p + 3*l. Let q = p - 4. Is (-465)/(-10)*(-2)/q prime?
True
Suppose 0 = -3*x + 2*a + 358, 4*a = -3*x + 329 + 17. Is x prime?
False
Let j(i) = i**2 - i - 1. Let f(a) = -16. Let x(s) = 3. Let t(q) = 2*f(q) + 11*x(q). Let n(p) = 3*j(p) - t(p). Is n(3) a composite number?
True
Suppose -4445 = -45*f + 38*f. Is f composite?
True
Suppose -3*i + 2*f + 20 = 3, 0 = -f - 1. Let u(q) = -q**3 + 6*q**2 - 6*q - 7. Let n be u(i). Is 4*-1*111/n a prime number?
True
Let j(t) be the second derivative of -t**6/360 - t**5/120 + 47*t**4/24 + t**3/6 - 2*t. Let w(x) be the second derivative of j(x). Is w(0) a prime number?
True
Suppose 9*b + 220 = 1831. Is b composite?
False
Suppose -5*f = -10*f + 1465. Is f composite?
False
Let y = -68 - -127. Is y composite?
False
Let j(h) = -5*h**3 - 6*h**2 - h + 7. Let s(o) = -3*o**3 - 3*o**2 - o + 4. Let d(z) = 6*j(z) - 11*s(z). Is d(3) a composite number?
False
Is ((-446)/5)/(10/(-25)) a composite number?
False
Let n = 307 - 137. Suppose 3*b - n = -17. Is b prime?
False
Let p be 2 + 1/(2/56). Let a(w) = -10*w + 5. Let t be a(-5). Suppose j = p + t. Is j a composite number?
True
Let i(b) = b**2 - 5. Is i(-8) prime?
True
Suppose -7*l = -4*l - 30. Is l a prime number?
False
Let v = 1 - -2. Let o(a) = 2*a**2 + 3*a + 2. Let h be o(v). Suppose -f = m - h, -2*f = f - 5*m - 55. Is f a composite number?
True
Let n be -3 - (-2 + 1/1). Let t = -12 - -59. Is (5 - t)*1/n prime?
False
Is 4/(-3) - (-3532)/12 composite?
False
Let v be (-10 + 13)*4/6. Suppose -3*p + 173 = -4*l, 0 = 4*p - v*p + 5*l - 100. Is p a composite number?
True
Let w(s) = -s**2 + 6*s - 5. Let n be w(6). Let y = n - -10. Is (-2)/y - 117/(-5) a composite number?
False
Let x(p) = -p**2 - 5*p. Suppose 2*l + l + 15 = 0. Let k = l + 2. Is x(k) a prime number?
False
Let t be 2*3/(-2) + 3. Suppose t = o + 2*o - 105. Is o a prime number?
False
Suppose t + u = -0*u + 12, -2*t = -u - 9. Let p(i) = -t*i + 0*i + 0*i. Is p(-2) a prime number?
False
Suppose -5*g + 628 = -642. Is g a prime number?
False
Suppose -z = -0*z - 6. Let g(x) be the third derivative of x**6/120 + x**5/30 + x**4/12 + x**3/6 - 2*x**2. Is g(z) a prime number?
False
Let y be 0/(8/(-4)*1). Is y - (-344 + 2 + 1) a prime number?
False
Suppose -4*a = 0, -4*y - y = -5*a - 50. Is y a prime number?
False
Let n(g) = -7*g - 4. Let a be n(3). Let u = -50 - a. Let f = u - -74. Is f a composite number?
True
Let g = 6 - 2. Suppose 2*x = -3*f + 390, 0 = -3*f - g*x + 348 + 48. Suppose f = 2*a + 2*o, -3*o = -3*a - 4*o + 182. Is a a prime number?
True
Let y = 10 - -20. Suppose -10 = -4*x - y, 0 = -2*l + 3*x + 61. Is l a composite number?
False
Suppose -4*w + 576 = 5*q - 7, 2*w - 119 = -q. Suppose -q = -2*z + 547. Is z a prime number?
True
Suppose -4*w = 4*m - 19512, 5*m + 3*w = 14056 + 10324. Is m prime?
False
Suppose -1293 - 4219 = -8*f. Is f a prime number?
False
Let d(r) = 3*r**3 + 2*r**2 + r. Let c be d(-4). Let w = c - -553. Is w composite?
False
Suppose -2*u + 2 = 2*b, -5*b + 3 = -0*u + 4*u. Is (-51 - 4)/(b + 0) a prime number?
False
Let a(o) = -o**3 + 5*o**2 - 4*o + 1. Let k be a(4). Is 15/6*34/k a composite number?
True
Is 382/3 - (-3)/(-9) composite?
False
Let k = -12 - -37. Is k composite?
True
Let r(j) = -j - 1. Let f be r(-7). Suppose 3*q - 3*y - 24 = -f*y, q = -5*y + 28. Suppose q*l + 31 = 70. Is l a prime number?
True
Let n(d) = -2*d + 4. Let v be n(-3). Suppose -6*a + a = -v. Suppose 1247 = q + a*q - 5*k, 10 = 5*k. Is q composite?
False
Suppose -5*y - 248 = -z, 0 = 4*z - z - 2*y - 705. Is z composite?
False
Let a = 3 - -2. Let m = 5 - 0. Let s = a + m. Is s prime?
False
Let q(h) = 5 + h + h**3 + 2 - 3 - 3*h**3. Let f = 3 - 6. Is q(f) a prime number?
False
Let x be (24/(-15))/(2/(-5)). Suppose 0*j - 2*j - 1010 = -x*b, -3*j = -4*b + 1013. Is b a prime number?
True
Suppose 8*o - 8562 = -474. Is o composite?
True
Suppose 0 = -d + 3, -3*c + d + 70 = 493. Let o = -73 - c. Is o a composite number?
False
Let l(a) = 6*a**2 - 3*a**3 + 10*a + 7 - 4*a + 4*a**3. Let q be l(-5). Suppose -s + 105 = q*s. Is s composite?
True
Let t(z) = 13*z - 2. Is t(3) prime?
True
Let p(d) = -d - 1. Let u be p(-1). Suppose 0 = 2*v - n - 16, 5*n + 10 = -u. Is v a composite number?
False
Suppose 0 = 3*f - 161